{"id":11753,"date":"2018-01-22T11:42:33","date_gmt":"2018-01-22T11:42:33","guid":{"rendered":"http:\/\/deeptem.com\/beauty\/?page_id=11753"},"modified":"2024-02-18T18:06:34","modified_gmt":"2024-02-18T17:06:34","slug":"about","status":"publish","type":"page","link":"https:\/\/charlesse.com\/index.php\/about\/","title":{"rendered":"\u00c0 propos"},"content":{"rendered":"\t\t<div data-elementor-type=\"wp-post\" data-elementor-id=\"11753\" class=\"elementor elementor-11753\">\n\t\t\t\t\t\t\t\t\t<section class=\"elementor-section elementor-top-section elementor-element elementor-element-2aa8a40 elementor-section-height-min-height elementor-section-items-bottom el-bg elementor-section-boxed elementor-section-height-default\" data-id=\"2aa8a40\" data-element_type=\"section\" data-settings=\"{&quot;background_background&quot;:&quot;classic&quot;}\" data-e-bg-lazyload=\"\">\n\t\t\t\t\t\t\t<div class=\"elementor-background-overlay\"><\/div>\n\t\t\t\t\t\t\t<div class=\"elementor-container elementor-column-gap-extended\">\n\t\t\t\t\t<div class=\"elementor-column elementor-col-50 elementor-top-column elementor-element elementor-element-aff63c9\" data-id=\"aff63c9\" data-element_type=\"column\" data-settings=\"{&quot;background_background&quot;:&quot;classic&quot;}\">\n\t\t\t<div class=\"elementor-widget-wrap elementor-element-populated\">\n\t\t\t\t\t\t\t\t<section class=\"elementor-section elementor-inner-section elementor-element elementor-element-ca03aa0 elementor-section-boxed elementor-section-height-default elementor-section-height-default\" data-id=\"ca03aa0\" data-element_type=\"section\" data-settings=\"{&quot;background_background&quot;:&quot;gradient&quot;}\">\n\t\t\t\t\t\t<div class=\"elementor-container elementor-column-gap-default\">\n\t\t\t\t\t<div class=\"elementor-column elementor-col-100 elementor-inner-column elementor-element elementor-element-dcbce1d\" data-id=\"dcbce1d\" data-element_type=\"column\" data-settings=\"{&quot;background_background&quot;:&quot;classic&quot;}\">\n\t\t\t<div class=\"elementor-widget-wrap elementor-element-populated\">\n\t\t\t\t\t\t\t\t<div class=\"elementor-element elementor-element-9eb41c7 elementor-widget elementor-widget-title_builder\" data-id=\"9eb41c7\" data-element_type=\"widget\" data-widget_type=\"title_builder.default\">\n\t\t\t\t<div class=\"elementor-widget-container\">\n\t\t\t\n\t\t<div class=\"wn-deep-title-wrap  wn-deep-title-wrap6a09007d00abf  \"><div class=\"wn-deep-title\"><span class=\"wn-deep-title-shape elementor-repeater-item-0975551 after\"><\/span><h3 class=\"  wn-deep-innertitle\">ABOUT US<\/h3>\n\t\t<\/div><\/div>\t\t<\/div>\n\t\t\t\t<\/div>\n\t\t\t\t\t<\/div>\n\t\t<\/div>\n\t\t\t\t\t\t\t<\/div>\n\t\t<\/section>\n\t\t\t\t\t<\/div>\n\t\t<\/div>\n\t\t\t\t<div class=\"elementor-column elementor-col-50 elementor-top-column elementor-element elementor-element-e081006\" data-id=\"e081006\" data-element_type=\"column\">\n\t\t\t<div class=\"elementor-widget-wrap\">\n\t\t\t\t\t\t\t\t\t<\/div>\n\t\t<\/div>\n\t\t\t\t\t\t\t<\/div>\n\t\t<\/section>\n\t\t\t\t<section class=\"elementor-section elementor-top-section elementor-element elementor-element-fa1df85 elementor-section-boxed elementor-section-height-default elementor-section-height-default\" data-id=\"fa1df85\" data-element_type=\"section\">\n\t\t\t\t\t\t<div class=\"elementor-container elementor-column-gap-default\">\n\t\t\t\t\t<div class=\"elementor-column elementor-col-100 elementor-top-column elementor-element elementor-element-22d7dbb\" data-id=\"22d7dbb\" data-element_type=\"column\">\n\t\t\t<div class=\"elementor-widget-wrap elementor-element-populated\">\n\t\t\t\t\t\t\t\t<div class=\"elementor-element elementor-element-7e390b4 elementor-widget elementor-widget-spacer\" data-id=\"7e390b4\" data-element_type=\"widget\" data-widget_type=\"spacer.default\">\n\t\t\t\t<div class=\"elementor-widget-container\">\n\t\t\t<style>\/*! elementor - v3.18.0 - 20-12-2023 *\/\n.elementor-column .elementor-spacer-inner{height:var(--spacer-size)}.e-con{--container-widget-width:100%}.e-con-inner>.elementor-widget-spacer,.e-con>.elementor-widget-spacer{width:var(--container-widget-width,var(--spacer-size));--align-self:var(--container-widget-align-self,initial);--flex-shrink:0}.e-con-inner>.elementor-widget-spacer>.elementor-widget-container,.e-con>.elementor-widget-spacer>.elementor-widget-container{height:100%;width:100%}.e-con-inner>.elementor-widget-spacer>.elementor-widget-container>.elementor-spacer,.e-con>.elementor-widget-spacer>.elementor-widget-container>.elementor-spacer{height:100%}.e-con-inner>.elementor-widget-spacer>.elementor-widget-container>.elementor-spacer>.elementor-spacer-inner,.e-con>.elementor-widget-spacer>.elementor-widget-container>.elementor-spacer>.elementor-spacer-inner{height:var(--container-widget-height,var(--spacer-size))}.e-con-inner>.elementor-widget-spacer.elementor-widget-empty,.e-con>.elementor-widget-spacer.elementor-widget-empty{position:relative;min-height:22px;min-width:22px}.e-con-inner>.elementor-widget-spacer.elementor-widget-empty .elementor-widget-empty-icon,.e-con>.elementor-widget-spacer.elementor-widget-empty .elementor-widget-empty-icon{position:absolute;top:0;bottom:0;left:0;right:0;margin:auto;padding:0;width:22px;height:22px}<\/style>\t\t<div class=\"elementor-spacer\">\n\t\t\t<div class=\"elementor-spacer-inner\"><\/div>\n\t\t<\/div>\n\t\t\t\t<\/div>\n\t\t\t\t<\/div>\n\t\t\t\t\t<\/div>\n\t\t<\/div>\n\t\t\t\t\t\t\t<\/div>\n\t\t<\/section>\n\t\t\t\t<section class=\"elementor-section elementor-top-section elementor-element elementor-element-4160910 elementor-section-boxed elementor-section-height-default elementor-section-height-default\" data-id=\"4160910\" data-element_type=\"section\" data-settings=\"{&quot;background_background&quot;:&quot;classic&quot;}\">\n\t\t\t\t\t\t\t<div class=\"elementor-background-overlay\"><\/div>\n\t\t\t\t\t\t\t<div class=\"elementor-container elementor-column-gap-extended\">\n\t\t\t\t\t<div class=\"elementor-column elementor-col-50 elementor-top-column elementor-element elementor-element-b9ed95a\" data-id=\"b9ed95a\" data-element_type=\"column\">\n\t\t\t<div class=\"elementor-widget-wrap elementor-element-populated\">\n\t\t\t\t\t\t\t\t<div class=\"elementor-element elementor-element-97802bd elementor-widget elementor-widget-title_builder\" data-id=\"97802bd\" data-element_type=\"widget\" data-widget_type=\"title_builder.default\">\n\t\t\t\t<div class=\"elementor-widget-container\">\n\t\t\t\n\t\t<div class=\"wn-deep-title-wrap  wn-deep-title-wrap6a09007d029ac  \"><div class=\"wn-deep-title\"><span class=\"wn-deep-title-shape elementor-repeater-item-f41b603 after\"><\/span><span class=\"wn-deep-title-shape elementor-repeater-item-ae6e501 after\"><\/span><h3 class=\"  wn-deep-innertitle\">QUI NOUS SOMMES<\/h3>\n\t\t<\/div><\/div>\t\t<\/div>\n\t\t\t\t<\/div>\n\t\t\t\t<div class=\"elementor-element elementor-element-c4da9c7 elementor-widget elementor-widget-spacer\" data-id=\"c4da9c7\" data-element_type=\"widget\" data-widget_type=\"spacer.default\">\n\t\t\t\t<div class=\"elementor-widget-container\">\n\t\t\t\t\t<div class=\"elementor-spacer\">\n\t\t\t<div class=\"elementor-spacer-inner\"><\/div>\n\t\t<\/div>\n\t\t\t\t<\/div>\n\t\t\t\t<\/div>\n\t\t\t\t<div class=\"elementor-element elementor-element-59f5aa1 elementor-widget elementor-widget-distance\" data-id=\"59f5aa1\" data-element_type=\"widget\" data-widget_type=\"distance.default\">\n\t\t\t\t<div class=\"elementor-widget-container\">\n\t\t\t<div class=\"wn-distance\"><\/div>\t\t<\/div>\n\t\t\t\t<\/div>\n\t\t\t\t<div class=\"elementor-element elementor-element-c6e0801 elementor-widget elementor-widget-text-editor\" data-id=\"c6e0801\" data-element_type=\"widget\" data-widget_type=\"text-editor.default\">\n\t\t\t\t<div class=\"elementor-widget-container\">\n\t\t\t<style>\/*! elementor - v3.18.0 - 20-12-2023 *\/\n.elementor-widget-text-editor.elementor-drop-cap-view-stacked .elementor-drop-cap{background-color:#69727d;color:#fff}.elementor-widget-text-editor.elementor-drop-cap-view-framed .elementor-drop-cap{color:#69727d;border:3px solid;background-color:transparent}.elementor-widget-text-editor:not(.elementor-drop-cap-view-default) .elementor-drop-cap{margin-top:8px}.elementor-widget-text-editor:not(.elementor-drop-cap-view-default) .elementor-drop-cap-letter{width:1em;height:1em}.elementor-widget-text-editor .elementor-drop-cap{float:left;text-align:center;line-height:1;font-size:50px}.elementor-widget-text-editor .elementor-drop-cap-letter{display:inline-block}<\/style>\t\t\t\t<p>Bienvenue chez <strong>Charlesse<\/strong>, l&#8217;essence m\u00eame de l&#8217;artisanat f\u00e9minin. Nous sommes passionn\u00e9s par la cr\u00e9ation de produits uniques et faits \u00e0 la main, con\u00e7us sp\u00e9cialement pour inspirer la confiance et l&#8217;\u00e9l\u00e9gance chez les femmes d&#8217;aujourd&#8217;hui. Chez <strong>Charlesse<\/strong>, chaque article est le fruit d&#8217;un savoir-faire m\u00e9ticuleux, fusionnant des mat\u00e9riaux de qualit\u00e9 avec une attention minutieuse aux d\u00e9tails. Nous croyons en la puissance de l&#8217;individualit\u00e9 et en la beaut\u00e9 de la diversit\u00e9, c&#8217;est pourquoi chaque pi\u00e8ce que nous cr\u00e9ons est une ode \u00e0 la singularit\u00e9. Nous sommes bien plus qu&#8217;une boutique ; nous sommes une communaut\u00e9 qui c\u00e9l\u00e8bre la cr\u00e9ativit\u00e9, l&#8217;autonomisation et l&#8217;amour propre. Explorez notre collection exquise et d\u00e9couvrez l&#8217;histoire unique derri\u00e8re chaque produit. Chez <strong>Charlesse<\/strong>, nous nous engageons \u00e0 apporter une touche personnelle \u00e0 chaque exp\u00e9rience d&#8217;achat, car chaque femme m\u00e9rite de se sentir exceptionnelle.<\/p>\t\t\t\t\t\t<\/div>\n\t\t\t\t<\/div>\n\t\t\t\t\t<\/div>\n\t\t<\/div>\n\t\t\t\t<div class=\"elementor-column elementor-col-50 elementor-top-column elementor-element elementor-element-c8a188a\" data-id=\"c8a188a\" data-element_type=\"column\">\n\t\t\t<div class=\"elementor-widget-wrap elementor-element-populated\">\n\t\t\t\t\t\t\t\t<div class=\"elementor-element elementor-element-6ae3190 elementor-widget elementor-widget-video_play_button\" data-id=\"6ae3190\" data-element_type=\"widget\" data-widget_type=\"video_play_button.default\">\n\t\t\t\t<div class=\"elementor-widget-container\">\n\t\t\t<div class=\"video-play-btn-wrap  \"  ><img decoding=\"async\" src=\"https:\/\/charlesse.com\/wp-content\/uploads\/2023\/12\/17.jpg\" alt=\"\"><a href=\"https:\/\/www.youtube.com\/watch?v=4Xw38emezzg\" class=\"wn-popup-video video-play-btn video-play-btn \"><i class=\"sl-control-play\"><\/i> <\/a><\/div>\t\t<\/div>\n\t\t\t\t<\/div>\n\t\t\t\t\t<\/div>\n\t\t<\/div>\n\t\t\t\t\t\t\t<\/div>\n\t\t<\/section>\n\t\t\t\t<section class=\"elementor-section elementor-top-section elementor-element elementor-element-bb45b1c elementor-section-boxed elementor-section-height-default elementor-section-height-default\" data-id=\"bb45b1c\" data-element_type=\"section\">\n\t\t\t\t\t\t<div class=\"elementor-container elementor-column-gap-default\">\n\t\t\t\t\t<div class=\"elementor-column elementor-col-100 elementor-top-column elementor-element elementor-element-589ce13\" data-id=\"589ce13\" data-element_type=\"column\">\n\t\t\t<div class=\"elementor-widget-wrap elementor-element-populated\">\n\t\t\t\t\t\t\t\t<div class=\"elementor-element elementor-element-d3db620 elementor-widget elementor-widget-spacer\" data-id=\"d3db620\" data-element_type=\"widget\" data-widget_type=\"spacer.default\">\n\t\t\t\t<div class=\"elementor-widget-container\">\n\t\t\t\t\t<div class=\"elementor-spacer\">\n\t\t\t<div class=\"elementor-spacer-inner\"><\/div>\n\t\t<\/div>\n\t\t\t\t<\/div>\n\t\t\t\t<\/div>\n\t\t\t\t\t<\/div>\n\t\t<\/div>\n\t\t\t\t\t\t\t<\/div>\n\t\t<\/section>\n\t\t\t\t\t\t\t<\/div>\n\t\t","protected":false},"excerpt":{"rendered":"<p>ABOUT US QUI NOUS SOMMES Bienvenue chez Charlesse, l&#8217;essence m\u00eame de l&#8217;artisanat f\u00e9minin. Nous sommes passionn\u00e9s par la cr\u00e9ation de produits uniques et faits \u00e0 la main, con\u00e7us sp\u00e9cialement pour inspirer la confiance et l&#8217;\u00e9l\u00e9gance chez les femmes d&#8217;aujourd&#8217;hui. Chez Charlesse, chaque article est le fruit d&#8217;un savoir-faire m\u00e9ticuleux, fusionnant des mat\u00e9riaux de qualit\u00e9 avec une attention minutieuse aux d\u00e9tails. Nous croyons en la puissance de l&#8217;individualit\u00e9 et en la beaut\u00e9 de la diversit\u00e9, c&#8217;est pourquoi chaque pi\u00e8ce que nous cr\u00e9ons est une ode \u00e0 la singularit\u00e9. Nous sommes bien plus qu&#8217;une boutique ; nous sommes une communaut\u00e9 qui c\u00e9l\u00e8bre la cr\u00e9ativit\u00e9, l&#8217;autonomisation et l&#8217;amour propre. Explorez notre collection exquise et d\u00e9couvrez l&#8217;histoire unique derri\u00e8re chaque produit. Chez Charlesse, nous nous engageons \u00e0 apporter une touche personnelle \u00e0 chaque exp\u00e9rience d&#8217;achat, car chaque femme m\u00e9rite de se sentir exceptionnelle.<\/p>\n","protected":false},"author":1,"featured_media":0,"parent":0,"menu_order":0,"comment_status":"closed","ping_status":"closed","template":"","meta":{"om_disable_all_campaigns":false,"_monsterinsights_skip_tracking":false,"_monsterinsights_sitenote_active":false,"_monsterinsights_sitenote_note":"","_monsterinsights_sitenote_category":0,"footnotes":""},"tags":[],"aioseo_notices":[],"jetpack_sharing_enabled":true,"_links":{"self":[{"href":"https:\/\/charlesse.com\/index.php\/wp-json\/wp\/v2\/pages\/11753"}],"collection":[{"href":"https:\/\/charlesse.com\/index.php\/wp-json\/wp\/v2\/pages"}],"about":[{"href":"https:\/\/charlesse.com\/index.php\/wp-json\/wp\/v2\/types\/page"}],"author":[{"embeddable":true,"href":"https:\/\/charlesse.com\/index.php\/wp-json\/wp\/v2\/users\/1"}],"replies":[{"embeddable":true,"href":"https:\/\/charlesse.com\/index.php\/wp-json\/wp\/v2\/comments?post=11753"}],"version-history":[{"count":29,"href":"https:\/\/charlesse.com\/index.php\/wp-json\/wp\/v2\/pages\/11753\/revisions"}],"predecessor-version":[{"id":13079,"href":"https:\/\/charlesse.com\/index.php\/wp-json\/wp\/v2\/pages\/11753\/revisions\/13079"}],"wp:attachment":[{"href":"https:\/\/charlesse.com\/index.php\/wp-json\/wp\/v2\/media?parent=11753"}],"wp:term":[{"taxonomy":"post_tag","embeddable":true,"href":"https:\/\/charlesse.com\/index.php\/wp-json\/wp\/v2\/tags?post=11753"}],"curies":[{"name":"wp","href":"https:\/\/api.w.org\/{rel}","templated":true}]}}